13?
1
Convert 42 (base 10) to base 11.
39
What is -24 (base 6) in base 7?
-22
Convert 441 (base 5) to base 15.
81
What is -62 (base 8) in base 15?
-35
What is -47 (base 10) in base 7?
-65
Convert 84 (base 9) to base 8.
114
What is -d3 (base 14) in base 6?
-505
11110001 (base 2) to base 11
1aa
Convert -2 (base 8) to base 3.
-2
What is 1 (base 3) in base 8?
1
What is 2b (base 16) in base 4?
223
-a (base 11) to base 3
-101
-1c (base 16) to base 14
-20
-a (base 16) to base 2
-1010
-1010 (base 2) to base 14
-a
-2201 (base 5) to base 12
-211
Convert 0 (base 16) to base 12.
0
Convert -2 (base 7) to base 13.
-2
Convert 3 (base 13) to base 2.
11
1 (base 9) to base 14
1
What is 170 (base 10) in base 13?
101
What is 13 (base 6) in base 10?
9
What is -15 (base 15) in base 11?
-19
16 (base 10) to base 2
10000
1010 (base 4) to base 14
4c
What is 14 (base 6) in base 8?
12
0 (base 14) to base 12
0
-3 (base 13) to base 3
-10
-b (base 14) to base 2
-1011
Convert -a (base 13) to base 6.
-14
Convert 1a (base 15) to base 2.
11001
What is -4 (base 10) in base 5?
-4
Convert 3 (base 4) to base 16.
3
-4a (base 13) to base 4
-332
10 (base 11) to base 6
15
f (base 16) to base 13
12
What is -25 (base 7) in base 12?
-17
What is -10 (base 3) in base 9?
-3
Convert 111001 (base 2) to base 13.
45
What is 40 (base 11) in base 14?
32
Convert 15 (base 13) to base 4.
102
What is -13 (base 8) in base 6?
-15
What is -42 (base 7) in base 3?
-1010
Convert -101001 (base 2) to base 14.
-2d
-1 (base 13) to base 15
-1
What is -100 (base 9) in base 2?
-1010001
Convert -57 (base 15) to base 4.
-1102
What is -5c (base 15) in base 4?
-1113
Convert -16 (base 16) to base 5.
-42
-27 (base 14) to base 3
-1022
Convert 332 (base 9) to base 16.
110
11 (base 2) to base 4
3
Convert -3 (base 5) to base 8.
-3
Convert -10 (base 5) to base 7.
-5
What is -6 (base 12) in base 8?
-6
Convert -21 (base 14) to base 8.
-35
Convert -1111 (base 2) to base 14.
-11
What is 2 (base 12) in base 15?
2
Convert 64 (base 14) to base 12.
74
Convert 120 (base 11) to base 14.
a3
-187 (base 10) to base 16
-bb
What is 104 (base 7) in base 3?
1222
2 (base 12) to base 16
2
Convert 3 (base 6) to base 16.
3
Convert -3 (base 12) to base 14.
-3
What is -40 (base 5) in base 14?
-16
-45 (base 9) to base 14
-2d
What is -10 (base 5) in base 6?
-5
What is 13 (base 11) in base 15?
e
-141 (base 5) to base 11
-42
What is -16 (base 9) in base 2?
-1111
What is -101011 (base 2) in base 15?
-2d
Convert 6 (base 15) to base 2.
110
162 (base 7) to base 14
69
What is 13 (base 11) in base 5?
24
What is 0 (base 13) in base 12?
0
What is 14b (base 13) in base 11?
1a1
What is -3 (base 5) in base 10?
-3
Convert 0 (base 2) to base 5.
0
-21 (base 11) to base 3
-212
Convert -26 (base 12) to base 9.
-33
61 (base 16) to base 10
97
-11 (base 8) to base 16
-9
Convert -221 (base 3) to base 12.
-21
Convert -4 (base 13) to base 2.
-100
What is 4 (base 13) in base 14?
4
-2 (base 9) to base 6
-2
Convert 2 (base 12) to base 14.
2
133 (base 7) to base 9
81
What is -2 (base 14) in base 16?
-2
15 (base 6) to base 9
12
What is 20 (base 6) in base 9?
13
20 (base 9) to base 3
200
-289 (base 11) to base 8
-523
-4 (base 8) to base 2
-100
-1010 (base 3) to base 4
-132
Convert -151 (base 7) to base 3.
-10011
1000001 (base 2) to base 3
2102
0 (base 13) to base 7
0
Convert 3 (base 16) to base 4.
3
Convert -3 (base 10) to base 2.
-11
Convert 1100 (base 2) to base 16.
c
Convert 20 (base 4) to base 12.
8
Convert -11 (base 10) to base 12.
-b
What is 16 (base 9) in base 4?
33
Convert -6 (base 14) to base 13.
-6
What is 5 (base 14) in base 11?
5
What is 101 (base 9) in base 6?
214
Convert 0 (base 16) to base 12.
0
Convert 2 (base 5) to base 8.
2
What is 3 (base 15) in base 7?
3
Convert 4 (base 16) to base 10.
4
Convert -15 (base 13) to base 14.
-14
Convert 414 (base 6) to base 12.
10a
Convert 1 (base 12) to base 6.
1
42 (base 8) to base 14
26
17 (base 9) to base 3
121
0 (base 14) to base 7
0
Convert 13 (base 6) to base 2.
1001
Convert 2 (base 9) to base 3.
2
What is 5 (base 12) in base 10?
5
What is -27 (base 12) in base 2?
-11111
Convert -115 (base 7) to base 6.
-141
-14 (base 16) to base 14
-16
7 (base 12) to base 14
7
3 (base 11) to base 5
3
-100 (base 3) to base 10
-9
25 (base 13) to base 10
31
What is 2 (base 5) in base 3?
2
Convert -1120 (base 3) to base 7.
-60
What is -2 (base 4) in base 7?
-2
1113 (base 4) to base 2
1010111
What is -132 (base 4) in base 15?
-20
What is -41 (base 6) in base 10?
-25
28 (base 13) to base 11
31
-120 (base 12) to base 4
-2220
What is -11 (base 5) in base 7?
-6
12 (base 13) to base 10
15
Convert 115 (base 6) to base 8.
57
-12 (base 7) to base 10
-9
What is 8 (base 15) in base 11?
8
What is -1a (base 13) in base 10?
-23
-100 (base 8) to base 6
-144
What is -1 (base 6) in base 11?
-1
-1301 (base 4) to base 3
-11012
Convert 37 (base 9) to base 10.
34
14 (base 7) to base 2
1011
-1011 (base 2) to base 10
-11
Convert 1010 (base 4) to base 11.
62
Convert -11 (base 8) to base 6.
-13
130 (base 4) to base 10
28
What is -11 (base 2) in base 9?
-3
-1 (base 12) to base 8
-1
2 (base 10) to base 15
2
Convert 10 (base 9) to base 13.
9
Convert -1045 (base 7) to base 4.
-11320
61 (base 13) to base 11
72
What is 102202 (base 3) in base 8?
475
What is 7 (base 15) in base 13?
7
11 (base 7) to base 14
8
21 (base 6) to base 7
16
-135 (base 6) to base 9
-65
90 (base 10) to base 4
1122
What is -a (base 13) in base 10?
-10
-245 (base 6) to base 3
-10202
-5 (base 14) to base 10
-5
What is 190 (base 10) in base 15?
ca
-10 (base 8) to base 12
-8
-3 (base 16) to base 8
-3
1 (base 7) to base 6
1
22 (base 13) to base 6
44
Convert -118 (base 14) to base 5.
-1333
Convert 1 (base 13) to base 8.
1
What is -3 (base 6) in base 12?
-3
-1 (base 5) to base 8
-1
What is 4 (base 13) in base 15?
4
What is -7 (base 9) in base 10?
-7
What is 0 (base 10) in base 14?
0
Convert 111001 (base 2) to base 6.
133
What is 2 (base 13) in base 6?
2
Convert 2 (base 6) to base 11.
2
73 (base 11) to base 16
50
What is 10 (base 4) in base 14?
4
Convert -328 (base 9) to base 5.
-2034
What is -1 (base 4) in base 6?
-1
Convert 104 (base 8) to base 7.
125
What is 12 (base 3) in base 5?
10
-28 (base 12) to base 9
-35
Convert -92 (base 15) to base 13.
-a7
What is 4 (base 7) in base 8?
4
Convert 42 (base 5) to base 11.
20
0 (base 14) to base 10
0
What is 14 (base 5) in base 10?
9
What is 80 (base 13) in base 12?
88
What is 11202 (base 3) in base 11?
107
Convert 1a (base 14) to base 13.
1b
Convert 0 (base 12) to base 11.
0
-11 (base 2) to base 4
-3
Convert -100 (base 2) to base 11.
-4
What is 10 (base 6) in base 10?
6
Convert -b (base 13) to base 15.
-b
Convert -b2 (base 12) to base 9.
-158
What is -222 (base 4) in base 12?
-36
-7 (base 14) to base 12
-7
Convert 221 (base 3) to base 12.
21
1 (base 3) to base 11
1
Convert 11 (base 2) to base 10.
3
What is 1012 (base 4) in base 15?
4a
-50 (base 8) to base 5
-130
What is -5 (base 16) in base 8?
-5
What is -68 (base 9) in base 4?
-332
What is -1a (base 15) in base 6?
-41
-2 (base 5) to base 16
-2
What is -4 (base 11) in base 3?
-11
What is 14 (base 7) in base 3?
102
What is -5a (base 13) in base 8?
-113
Convert -5 (base 12) to base 16.
-5
-82 (base 13) to base 10
-106
What is 232 (base 7) in base 2?
1111001
-1 (base 3) to base 6
-1
Convert -231 (base 9) to base 8.
-276
What is 0 (base 15) in base 4?
0
-2 (base 4) to base 9
-2
Convert 17 (base 8) to base 9.
16
-5 (base 12) to base 4
-11
What is 115 (base 6) in base 9?
52
Convert 74 (base 11) to base 10.
81
Convert -15 (base 7) to base 13.
-c
-59 (base 12) to base 2
-1000101
Convert -134 (base 5) to base 9.
-48
What is 4 (base 14) in base 15?
4
-10 (base 6) to base 3
-20
What is -61 (base 11) in base 8?
-103
Convert 32 (base 5) to base 3.
122
-5 (base 10) to base 9
-5
Convert 4d (base 15) to base 6.
201
160 (base 14) to base 12
1b4
Convert 2d (base 14) to base 2.
101001
29 (base 10) to base 4
131
Convert -1 (base 12) to base 2.
-1
What is -65 (base 9) in base 15?
-3e
Convert -8 (base 15) to base 5.
-13
What is 40 (base 6) in base 7?
33
What is -5 (base 13) in base 11?
-5
110 (base 3) to base 15
c
What is 4 (base 6) in base 2?
100
-253 (base 6) to base 11
-96
What is 123 (base 5) in base 8?
46
Convert -97 (base 15) t